{"id":42,"date":"2012-01-15T19:40:49","date_gmt":"2012-01-15T19:40:49","guid":{"rendered":"http:\/\/scoilmhuirejunior.ie\/?page_id=42"},"modified":"2022-12-06T15:00:27","modified_gmt":"2022-12-06T15:00:27","slug":"contact-us","status":"publish","type":"page","link":"https:\/\/www.scoilmhuirejunior.ie\/?page_id=42","title":{"rendered":"About Us"},"content":{"rendered":"<STYLE type=\"text\/css\">body {background-repeat: no-repeat;} #wrapper { background-color: transparent; }<\/style>\n<figure class=\"wp-block-image size-large\"><img loading=\"lazy\" decoding=\"async\" width=\"1024\" height=\"553\" src=\"https:\/\/www.scoilmhuirejunior.ie\/wp-content\/uploads\/2022\/12\/Screenshot-25-1024x553.png\" alt=\"\" class=\"wp-image-46205\" srcset=\"https:\/\/www.scoilmhuirejunior.ie\/wp-content\/uploads\/2022\/12\/Screenshot-25-1024x553.png 1024w, https:\/\/www.scoilmhuirejunior.ie\/wp-content\/uploads\/2022\/12\/Screenshot-25-300x162.png 300w, https:\/\/www.scoilmhuirejunior.ie\/wp-content\/uploads\/2022\/12\/Screenshot-25-768x415.png 768w, https:\/\/www.scoilmhuirejunior.ie\/wp-content\/uploads\/2022\/12\/Screenshot-25-1536x830.png 1536w, https:\/\/www.scoilmhuirejunior.ie\/wp-content\/uploads\/2022\/12\/Screenshot-25.png 1775w\" sizes=\"(max-width: 1024px) 100vw, 1024px\" \/><\/figure>\n\n\n\n<p class=\"has-pale-cyan-blue-background-color has-text-color has-background has-normal-font-size\" style=\"color:#000000\"><strong>Scoil Mhuire Junior is is a co-educational, Catholic Primary school.<\/strong><\/p>\n\n\n\n<p class=\"has-pale-cyan-blue-background-color has-text-color has-background has-normal-font-size\" style=\"color:#000000\"><strong>While Scoil Mhuire Junior is a school with a Catholic ethos, it also respects all other cultures and religions.<\/strong><\/p>\n\n\n\n<p class=\"has-pale-cyan-blue-background-color has-text-color has-background has-normal-font-size\" style=\"color:#000000\"><strong>D\u00e9anfaimid gach iarracht \u00e1r gcult\u00far agus \u00e1r nd\u00fachas a choth\u00fa agus a choime\u00e1d beo tr\u00ed gn\u00e1thsaol na scoile.<\/strong><\/p>\n\n\n\n<p class=\"has-vivid-green-cyan-background-color has-text-color has-background has-normal-font-size\" style=\"color:#000000\"><strong>Telephone Number: 01 8216916<\/strong><\/p>\n\n\n\n<p class=\"has-vivid-green-cyan-background-color has-text-color has-background has-normal-font-size\" style=\"color:#000000\"><strong>Fax: 01 8216916<\/strong><\/p>\n\n\n\n<p class=\"has-vivid-green-cyan-background-color has-text-color has-background has-normal-font-size\" style=\"color:#000000\"><strong>Email: office@scoilmhuirejunior.com <\/strong><\/p>\n\n\n\n<p class=\"has-pale-cyan-blue-background-color has-text-color has-background has-normal-font-size\" style=\"color:#000000\"><strong>Staff Details;<\/strong><\/p>\n\n\n\n<p class=\"has-pale-cyan-blue-background-color has-text-color has-background has-normal-font-size\" style=\"color:#000000\"><strong>Principal: Niamh Cronin<\/strong><\/p>\n\n\n\n<p class=\"has-pale-cyan-blue-background-color has-text-color has-background has-normal-font-size\" style=\"color:#000000\"><strong>Deputy Principal: Joan Conway<\/strong><\/p>\n\n\n\n<p class=\"has-pale-cyan-blue-background-color has-text-color has-background has-normal-font-size\" style=\"color:#000000\"><strong>School Secretary: Antoinette Sweeney <\/strong>   <\/p>\n\n\n\n<p class=\"has-pale-cyan-blue-background-color has-text-color has-background has-normal-font-size\" style=\"color:#000000\"><strong>School Caretaker: Tony Mc Evoy<\/strong><\/p>\n","protected":false},"excerpt":{"rendered":"<p>Scoil Mhuire Junior is is a co-educational, Catholic Primary school. While Scoil Mhuire Junior is a school with a Catholic ethos, it also respects all other cultures and religions. D\u00e9anfaimid gach iarracht \u00e1r gcult\u00far agus \u00e1r nd\u00fachas a choth\u00fa agus &hellip;<span class=\"more-link\"><a href=\"https:\/\/www.scoilmhuirejunior.ie\/?page_id=42\"><span class=\"button\">Continue reading &rarr;<\/span><\/a><\/span><\/p>\n","protected":false},"author":3,"featured_media":0,"parent":0,"menu_order":2,"comment_status":"closed","ping_status":"closed","template":"","meta":{"_monsterinsights_skip_tracking":false,"_monsterinsights_sitenote_active":false,"_monsterinsights_sitenote_note":"","_monsterinsights_sitenote_category":0,"ngg_post_thumbnail":0,"footnotes":""},"class_list":["post-42","page","type-page","status-publish","hentry"],"_links":{"self":[{"href":"https:\/\/www.scoilmhuirejunior.ie\/index.php?rest_route=\/wp\/v2\/pages\/42"}],"collection":[{"href":"https:\/\/www.scoilmhuirejunior.ie\/index.php?rest_route=\/wp\/v2\/pages"}],"about":[{"href":"https:\/\/www.scoilmhuirejunior.ie\/index.php?rest_route=\/wp\/v2\/types\/page"}],"author":[{"embeddable":true,"href":"https:\/\/www.scoilmhuirejunior.ie\/index.php?rest_route=\/wp\/v2\/users\/3"}],"replies":[{"embeddable":true,"href":"https:\/\/www.scoilmhuirejunior.ie\/index.php?rest_route=%2Fwp%2Fv2%2Fcomments&post=42"}],"version-history":[{"count":58,"href":"https:\/\/www.scoilmhuirejunior.ie\/index.php?rest_route=\/wp\/v2\/pages\/42\/revisions"}],"predecessor-version":[{"id":46206,"href":"https:\/\/www.scoilmhuirejunior.ie\/index.php?rest_route=\/wp\/v2\/pages\/42\/revisions\/46206"}],"wp:attachment":[{"href":"https:\/\/www.scoilmhuirejunior.ie\/index.php?rest_route=%2Fwp%2Fv2%2Fmedia&parent=42"}],"curies":[{"name":"wp","href":"https:\/\/api.w.org\/{rel}","templated":true}]}}